- 240?
-511314
In base 6, what is -10 + 12325421152?
12325421142
In base 4, what is -3023332 + 322231?
-2101101
In base 4, what is 2102 - 112?
1330
In base 11, what is -2 - 37924390?
-37924392
In base 6, what is -1140305 + 4200?
-1132105
In base 3, what is 2111110 - 10121120200?
-10112002020
In base 8, what is -10702755 - 5?
-10702762
In base 3, what is 12002101 + -122210010?
-110200202
In base 14, what is 3a780 + -56?
3a728
In base 12, what is -bb7 - -13272?
12277
In base 7, what is 3 - 1403110422?
-1403110416
In base 15, what is 174582 + -2?
174580
In base 5, what is -333100241 + 0?
-333100241
In base 6, what is 2 - 15531031?
-15531025
In base 9, what is 2218125 + 48?
2218174
In base 9, what is 2061 - 3354?
-1283
In base 5, what is -1203003 - 4234?
-1212242
In base 2, what is 1001 - 11101111100101000100101100?
-11101111100101000100100011
In base 3, what is -11 + 120110220020010?
120110220012222
In base 13, what is -b9c3b - 234?
-ba172
In base 3, what is -111101220011 + 10112?
-111101202122
In base 12, what is -10106 - -62a?
-b698
In base 6, what is -134100 + -213?
-134313
In base 14, what is -2784a - 27?
-27873
In base 12, what is aa8 + -945a7?
-936bb
In base 12, what is 2751 + -16ba9?
-14458
In base 8, what is 1221464 + 616?
1222302
In base 11, what is 534 + 23792?
24216
In base 12, what is 4 + 3622575a?
36225762
In base 2, what is 100 + -1101011010100110000111110?
-1101011010100110000111010
In base 13, what is 2 + 3c72926?
3c72928
In base 13, what is 191 - 330a8?
-32c17
In base 8, what is 4727360 + -136?
4727222
In base 15, what is -96 + -95c70?
-95d16
In base 8, what is -553762174 + 1?
-553762173
In base 11, what is -104424 + 157a?
-102955
In base 4, what is -11003102011 + -2?
-11003102013
In base 4, what is -3231021132 - -31?
-3231021101
In base 9, what is 0 - -48071614?
48071614
In base 11, what is -17418 + -2122?
-1953a
In base 2, what is 100 + 111001101100100101111?
111001101100100110011
In base 5, what is -22214202 - 13041?
-22232243
In base 11, what is -2a88 + -2274?
-5251
In base 5, what is -410444233440 - 0?
-410444233440
In base 9, what is 2 - 13206538?
-13206536
In base 2, what is 100011000010100010110 - -10?
100011000010100011000
In base 15, what is 19ed + -112?
18db
In base 13, what is -5 + -36a387?
-36a38c
In base 12, what is 8a - -3666ba9?
3667077
In base 6, what is 0 + -542015305?
-542015305
In base 2, what is -100011110001000 - 100000001101?
-100111110010101
In base 8, what is -44507 + 11010?
-33477
In base 2, what is 100 + 110000100010001000101110?
110000100010001000110010
In base 6, what is -44101 + 5021?
-35040
In base 12, what is 32298b - 3a?
322951
In base 2, what is -10010101110100000 + 10010?
-10010101110001110
In base 6, what is -2254413135 - 2?
-2254413141
In base 3, what is 1022122200 - -1112210?
1101012110
In base 7, what is -36524 + 215230?
145403
In base 9, what is -124 - 501277?
-501412
In base 11, what is -41a1984 + 4?
-41a1980
In base 13, what is -11371 - 86c?
-11c10
In base 4, what is -11 - -11322012001200?
11322012001123
In base 5, what is 224120031 + 1?
224120032
In base 16, what is a4e79 + -6?
a4e73
In base 14, what is 30 + -2b1611?
-2b15c1
In base 8, what is 14731313 + -5?
14731306
In base 14, what is -10 - -8d01d?
8d00d
In base 4, what is 110330 + -101122223?
-101011233
In base 15, what is 19b12b - -d?
19b139
In base 4, what is 1 + 22333332130?
22333332131
In base 4, what is 202200 + -11333320?
-11131120
In base 3, what is -1212202010121210 + 2?
-1212202010121201
In base 5, what is -3 + 12124430134?
12124430131
In base 7, what is -466 - 14263532?
-14264331
In base 6, what is -115 + 253145111?
253144552
In base 2, what is -10 - 100000001001101111?
-100000001001110001
In base 15, what is 1 - dae11ae?
-dae11ad
In base 8, what is 5 + 377627101?
377627106
In base 7, what is 112625622 + 5?
112625630
In base 7, what is 1131445 - 13?
1131432
In base 13, what is -401a374 - -9?
-401a368
In base 4, what is 211 - 123300300113?
-123300233302
In base 16, what is 15d70 + 3?
15d73
In base 11, what is 15 + 38a074?
38a089
In base 4, what is 111100231 - 320332?
110113233
In base 3, what is 122001211110 - -2000?
122001220110
In base 16, what is -2b - 995e5?
-99610
In base 8, what is 1027 + -110043?
-107014
In base 11, what is -115164a4 - -3?
-115164a1
In base 10, what is 7 + -3995264?
-3995257
In base 9, what is 5873777 + 83?
5873871
In base 8, what is -5524 + -24203?
-31727
In base 7, what is -501 + 1526314?
1525513
In base 15, what is -3d58a5e + 2?
-3d58a5c
In base 7, what is -23 - -6566365?
6566342
In base 3, what is 100200 - -21010100222?
21010201122
In base 6, what is -54045 - 30315?
-124404
In base 13, what is -10600b8 - 4?
-10600bc
In base 3, what is 101111101000021 - 11221?
101111100211100
In base 15, what is 4 + 4d489e?
4d48a3
In base 2, what is -110 + 1110010100111110100111?
1110010100111110100001
In base 3, what is -21210121112 - -21101?
-21210100011
In base 15, what is 65ce + -25?
65a9
In base 13, what is ab17021 - -2?
ab17023
In base 4, what is 100 - -10001102300?
10001103000
In base 5, what is -10201 + 310411?
300210
In base 4, what is -33 - 30101130200?
-30101130233
In base 3, what is -2210022220210 - 12002?
-2210100002212
In base 4, what is -3011203323233 - -22?
-3011203323211
In base 5, what is 2304 + 1014134?
1021443
In base 4, what is 2332203 - -2033323?
11032132
In base 11, what is -2206 - 114351?
-116557
In base 13, what is -5 + 3c750a3?
3c7509b
In base 9, what is -5132184 + 4?
-5132180
In base 12, what is -8 + -249466?
-249472
In base 7, what is -1224511 + -52?
-1224563
In base 6, what is 5 + -24032204314?
-24032204305
In base 16, what is -35924e - -4?
-35924a
In base 9, what is 1485874 + -4?
1485870
In base 4, what is -1122111212 - -112?
-1122111100
In base 4, what is -10 - -1302313310?
1302313300
In base 7, what is -4 - 221341153?
-221341160
In base 7, what is 5 - 4140111?
-4140103
In base 15, what is -58 - 1eb5eb?
-1eb654
In base 13, what is -4 + 50bcb0?
50bca9
In base 11, what is 81a - -aa41?
10760
In base 10, what is -2 - -2199490?
2199488
In base 12, what is -6049 - -196?
-5a73
In base 2, what is 10000000 + -101010010101111001?
-101010010011111001
In base 8, what is -33 + 4543452?
4543417
In base 12, what is -1541 - -5ba?
-b43
In base 7, what is -22160063202 + -2?
-22160063204
In base 13, what is 3 + -23b87924?
-23b87921
In base 7, what is -1 - 431154502?
-431154503
In base 6, what is -1000054305 - -13?
-1000054252
In base 7, what is -2 + -1115541452?
-1115541454
In base 15, what is -806299 - -5?
-806294
In base 6, what is -121 + 111150243?
111150122
In base 13, what is 20 + 96b8b?
96bab
In base 4, what is 1030211311 + -2112?
1030203133
In base 2, what is -1110010111000000 + -1101111?
-1110011000101111
In base 2, what is 11110111 + -101011011101001?
-101010111110010
In base 11, what is 0 - 70031314?
-70031314
In base 5, what is 1141224 + -1330?
1134344
In base 13, what is -1b2 + -1a1a?
-1bcc
In base 7, what is -55134 - 53445?
-141612
In base 5, what is -441 + -113314330?
-113320321
In base 7, what is 114432312 + -11?
114432301
In base 11, what is 25 + -197656?
-197631
In base 2, what is -10011011100011111110010110 - 0?
-10011011100011111110010110
In base 15, what is 52689c + 2a?
5268c7
In base 9, what is 32326 - -240?
32566
In base 8, what is 14732 - -21764?
36716
In base 7, what is -106263 - 63406?
-203002
In base 4, what is 123223221 + 301?
123230122
In base 16, what is 1c78 + -4d?
1c2b
In base 13, what is -4425598c - -4?
-44255988
In base 11, what is 42392a9 - -1a?
4239318
In base 3, what is 20120000221 + 2110010?
20122111001
In base 9, what is -41140217 - -1?
-41140216
In base 11, what is 33139185 + -5?
33139180
In base 8, what is 2 + -1514634057?
-1514634055
In base 13, what is -31 + -729?
-75a
In base 3, what is -22021002 + 22222212?
201210
In base 4, what is -10032210 - -10021222?
-10322
In base 14, what is -59 + -5c26c6?
-5c2741
In base 2, what is 10011111100101100110 + 10100?
10011111100101111010
In base 2, what is 11001000 + 1100001110110100?
1100010001111100
In base 12, what is 12257369 - 1?
12257368
In base 6, what is -1530 - -22444515?
22442545
In base 4, what is -10122 - 133231133?
-133301321
In base 13, what is -167 - 199c2?
-19b59
In base 8, what is -215731522 + 1?
-215731